CRAN Package Check Results for Package PKPDmisc

Last updated on 2019-11-15 12:48:09 CET.

Flavor Version Tinstall Tcheck Ttotal Status Flags
r-devel-linux-x86_64-debian-clang 2.1.1 79.30 58.62 137.92 OK
r-devel-linux-x86_64-debian-gcc 2.1.1 48.72 44.74 93.46 OK
r-devel-linux-x86_64-fedora-clang 2.1.1 181.93 NOTE
r-devel-linux-x86_64-fedora-gcc 2.1.1 161.83 NOTE
r-devel-windows-ix86+x86_64 2.1.1 208.00 137.00 345.00 OK
r-patched-linux-x86_64 2.1.1 55.79 54.96 110.75 OK
r-patched-solaris-x86 2.1.1 168.10 NOTE
r-release-linux-x86_64 2.1.1 53.92 54.66 108.58 OK
r-release-windows-ix86+x86_64 2.1.1 110.00 130.00 240.00 OK
r-release-osx-x86_64 2.1.1 NOTE
r-oldrel-windows-ix86+x86_64 2.1.1 128.00 94.00 222.00 OK
r-oldrel-osx-x86_64 2.1.1 NOTE

Check Details

Version: 2.1.1
Check: dependencies in R code
Result: NOTE
    Namespace in Imports field not imported from: ‘purrr’
     All declared Imports should be used.
Flavors: r-devel-linux-x86_64-fedora-clang, r-devel-linux-x86_64-fedora-gcc, r-patched-solaris-x86, r-release-osx-x86_64, r-oldrel-osx-x86_64