Last updated on 2025-01-19 05:49:17 CET.
Flavor | Version | Tinstall | Tcheck | Ttotal | Status | Flags |
---|---|---|---|---|---|---|
r-devel-linux-x86_64-debian-clang | 0.1.1 | 32.64 | 308.55 | 341.19 | OK | |
r-devel-linux-x86_64-debian-gcc | 0.1.1 | 26.61 | 228.78 | 255.39 | OK | |
r-devel-linux-x86_64-fedora-clang | 0.1.1 | 565.13 | NOTE | |||
r-devel-linux-x86_64-fedora-gcc | 0.1.1 | 559.72 | NOTE | |||
r-devel-windows-x86_64 | 0.1.1 | 39.00 | 279.00 | 318.00 | OK | |
r-patched-linux-x86_64 | 0.1.1 | 31.41 | 283.56 | 314.97 | OK | |
r-release-linux-x86_64 | 0.1.1 | 31.89 | 275.66 | 307.55 | OK | |
r-release-macos-arm64 | 0.1.1 | 147.00 | OK | |||
r-release-macos-x86_64 | 0.1.1 | 226.00 | OK | |||
r-release-windows-x86_64 | 0.1.1 | 37.00 | 271.00 | 308.00 | OK | |
r-oldrel-macos-arm64 | 0.1.1 | 138.00 | OK | |||
r-oldrel-macos-x86_64 | 0.1.1 | 272.00 | OK | |||
r-oldrel-windows-x86_64 | 0.1.1 | 50.00 | 360.00 | 410.00 | OK |
Version: 0.1.1
Check: dependencies in R code
Result: NOTE
Namespaces in Imports field not imported from:
‘base’ ‘grDevices’
All declared Imports should be used.
Flavors: r-devel-linux-x86_64-fedora-clang, r-devel-linux-x86_64-fedora-gcc