Last updated on 2025-01-19 05:49:17 CET.
Flavor | Version | Tinstall | Tcheck | Ttotal | Status | Flags |
---|---|---|---|---|---|---|
r-devel-linux-x86_64-debian-clang | 1.1.4 | 125.71 | 32.17 | 157.88 | OK | |
r-devel-linux-x86_64-debian-gcc | 1.1.4 | 91.86 | 24.60 | 116.46 | OK | |
r-devel-linux-x86_64-fedora-clang | 1.1.4 | 293.80 | OK | |||
r-devel-linux-x86_64-fedora-gcc | 1.1.4 | 327.62 | OK | |||
r-devel-windows-x86_64 | 1.1.4 | 127.00 | 74.00 | 201.00 | OK | |
r-patched-linux-x86_64 | 1.1.4 | 128.44 | 30.36 | 158.80 | OK | |
r-release-linux-x86_64 | 1.1.4 | 129.18 | 30.31 | 159.49 | OK | |
r-release-macos-arm64 | 1.1.4 | 72.00 | NOTE | |||
r-release-macos-x86_64 | 1.1.4 | 80.00 | NOTE | |||
r-release-windows-x86_64 | 1.1.4 | 133.00 | 80.00 | 213.00 | OK | |
r-oldrel-macos-arm64 | 1.1.4 | 75.00 | NOTE | |||
r-oldrel-macos-x86_64 | 1.1.4 | 83.00 | NOTE | |||
r-oldrel-windows-x86_64 | 1.1.4 | 150.00 | 88.00 | 238.00 | OK |
Version: 1.1.4
Check: installed package size
Result: NOTE
installed size is 13.0Mb
sub-directories of 1Mb or more:
libs 12.8Mb
Flavors: r-release-macos-arm64, r-release-macos-x86_64, r-oldrel-macos-arm64, r-oldrel-macos-x86_64