Last updated on 2025-01-19 05:49:17 CET.
Flavor | Version | Tinstall | Tcheck | Ttotal | Status | Flags |
---|---|---|---|---|---|---|
r-devel-linux-x86_64-debian-clang | 2.1.7 | 32.54 | 183.51 | 216.05 | NOTE | |
r-devel-linux-x86_64-debian-gcc | 2.1.7 | 27.35 | 123.03 | 150.38 | NOTE | |
r-devel-linux-x86_64-fedora-clang | 2.1.7 | 350.38 | NOTE | |||
r-devel-linux-x86_64-fedora-gcc | 2.1.7 | 361.14 | NOTE | |||
r-devel-windows-x86_64 | 2.1.7 | 37.00 | 192.00 | 229.00 | NOTE | |
r-patched-linux-x86_64 | 2.1.7 | 37.39 | 170.50 | 207.89 | NOTE | |
r-release-linux-x86_64 | 2.1.7 | 37.21 | 170.50 | 207.71 | NOTE | |
r-release-macos-arm64 | 2.1.7 | 94.00 | NOTE | |||
r-release-macos-x86_64 | 2.1.7 | 148.00 | NOTE | |||
r-release-windows-x86_64 | 2.1.7 | 36.00 | 193.00 | 229.00 | NOTE | |
r-oldrel-macos-arm64 | 2.1.7 | 108.00 | NOTE | |||
r-oldrel-macos-x86_64 | 2.1.7 | 177.00 | NOTE | |||
r-oldrel-windows-x86_64 | 2.1.7 | 39.00 | 241.00 | 280.00 | NOTE |
Version: 2.1.7
Check: C++ specification
Result: NOTE
Specified C++11: please drop specification unless essential
Flavors: r-devel-linux-x86_64-debian-clang, r-devel-linux-x86_64-debian-gcc, r-devel-linux-x86_64-fedora-clang, r-devel-linux-x86_64-fedora-gcc, r-devel-windows-x86_64, r-patched-linux-x86_64, r-release-linux-x86_64, r-release-macos-arm64, r-release-macos-x86_64, r-release-windows-x86_64, r-oldrel-macos-arm64, r-oldrel-macos-x86_64, r-oldrel-windows-x86_64
Version: 2.1.7
Check: Rd files
Result: NOTE
checkRd: (-1) summary.POUMM.Rd:28: Lost braces; missing escapes or markup?
28 | \item{stats}{a named list of functions of the form function(par) { number },
| ^
Flavors: r-devel-linux-x86_64-debian-clang, r-devel-linux-x86_64-debian-gcc, r-devel-linux-x86_64-fedora-clang, r-devel-linux-x86_64-fedora-gcc, r-devel-windows-x86_64, r-patched-linux-x86_64, r-release-linux-x86_64, r-release-macos-arm64, r-release-macos-x86_64, r-release-windows-x86_64
Version: 2.1.7
Check: installed package size
Result: NOTE
installed size is 7.2Mb
sub-directories of 1Mb or more:
libs 6.5Mb
Flavors: r-release-macos-arm64, r-release-macos-x86_64, r-oldrel-macos-arm64, r-oldrel-macos-x86_64