CRAN Package Check Results for Package PPQplan

Last updated on 2025-01-19 05:49:17 CET.

Flavor Version Tinstall Tcheck Ttotal Status Flags
r-devel-linux-x86_64-debian-clang 1.1.0 7.45 122.73 130.18 OK
r-devel-linux-x86_64-debian-gcc 1.1.0 5.01 88.22 93.23 OK
r-devel-linux-x86_64-fedora-clang 1.1.0 218.97 OK
r-devel-linux-x86_64-fedora-gcc 1.1.0 220.61 OK
r-devel-windows-x86_64 1.1.0 9.00 125.00 134.00 OK
r-patched-linux-x86_64 1.1.0 6.36 116.68 123.04 NOTE
r-release-linux-x86_64 1.1.0 6.77 118.61 125.38 NOTE
r-release-macos-arm64 1.1.0 66.00 NOTE
r-release-macos-x86_64 1.1.0 93.00 NOTE
r-release-windows-x86_64 1.1.0 9.00 123.00 132.00 NOTE
r-oldrel-macos-arm64 1.1.0 68.00 NOTE
r-oldrel-macos-x86_64 1.1.0 87.00 NOTE
r-oldrel-windows-x86_64 1.1.0 11.00 154.00 165.00 NOTE

Check Details

Version: 1.1.0
Check: LazyData
Result: NOTE 'LazyData' is specified without a 'data' directory Flavors: r-patched-linux-x86_64, r-release-linux-x86_64, r-release-macos-arm64, r-release-macos-x86_64, r-release-windows-x86_64, r-oldrel-macos-arm64, r-oldrel-macos-x86_64, r-oldrel-windows-x86_64

Version: 1.1.0
Check: installed package size
Result: NOTE installed size is 12.1Mb sub-directories of 1Mb or more: doc 12.0Mb Flavors: r-release-macos-arm64, r-release-macos-x86_64, r-release-windows-x86_64, r-oldrel-macos-arm64, r-oldrel-macos-x86_64, r-oldrel-windows-x86_64