CRAN Package Check Results for Package PPRL

Last updated on 2025-01-19 05:49:17 CET.

Flavor Version Tinstall Tcheck Ttotal Status Flags
r-devel-linux-x86_64-debian-clang 0.3.8 128.48 25.94 154.42 NOTE
r-devel-linux-x86_64-debian-gcc 0.3.8 91.63 20.62 112.25 NOTE
r-devel-linux-x86_64-fedora-clang 0.3.8 340.54 NOTE
r-devel-linux-x86_64-fedora-gcc 0.3.8 325.31 NOTE
r-devel-windows-x86_64 0.3.8 128.00 72.00 200.00 NOTE
r-patched-linux-x86_64 0.3.8 136.85 24.85 161.70 NOTE
r-release-linux-x86_64 0.3.8 134.04 24.94 158.98 NOTE
r-release-macos-arm64 0.3.8 75.00 NOTE
r-release-macos-x86_64 0.3.8 79.00 NOTE
r-release-windows-x86_64 0.3.8 141.00 76.00 217.00 NOTE
r-oldrel-macos-arm64 0.3.8 94.00 NOTE
r-oldrel-macos-x86_64 0.3.8 178.00 NOTE
r-oldrel-windows-x86_64 0.3.8 160.00 83.00 243.00 NOTE

Check Details

Version: 0.3.8
Check: C++ specification
Result: NOTE Specified C++11: please drop specification unless essential Flavors: r-devel-linux-x86_64-debian-clang, r-devel-linux-x86_64-debian-gcc, r-devel-linux-x86_64-fedora-clang, r-devel-linux-x86_64-fedora-gcc, r-devel-windows-x86_64, r-patched-linux-x86_64, r-release-linux-x86_64, r-release-macos-arm64, r-release-macos-x86_64, r-release-windows-x86_64, r-oldrel-macos-arm64, r-oldrel-macos-x86_64, r-oldrel-windows-x86_64

Version: 0.3.8
Check: installed package size
Result: NOTE installed size is 8.9Mb sub-directories of 1Mb or more: libs 8.0Mb Flavors: r-release-macos-arm64, r-release-macos-x86_64, r-oldrel-macos-arm64, r-oldrel-macos-x86_64