CRAN Package Check Results for Package PPSFS

Last updated on 2025-01-19 05:49:17 CET.

Flavor Version Tinstall Tcheck Ttotal Status Flags
r-devel-linux-x86_64-debian-clang 0.1.0 22.01 54.12 76.13 NOTE
r-devel-linux-x86_64-debian-gcc 0.1.0 15.31 40.90 56.21 NOTE
r-devel-linux-x86_64-fedora-clang 0.1.0 133.74 NOTE
r-devel-linux-x86_64-fedora-gcc 0.1.0 128.52 NOTE
r-devel-windows-x86_64 0.1.0 26.00 82.00 108.00 NOTE
r-patched-linux-x86_64 0.1.0 18.86 50.80 69.66 NOTE
r-release-linux-x86_64 0.1.0 20.98 50.28 71.26 NOTE
r-release-macos-arm64 0.1.0 36.00 NOTE
r-release-macos-x86_64 0.1.0 59.00 NOTE
r-release-windows-x86_64 0.1.0 27.00 83.00 110.00 NOTE
r-oldrel-macos-arm64 0.1.0 42.00 NOTE
r-oldrel-macos-x86_64 0.1.0 68.00 NOTE
r-oldrel-windows-x86_64 0.1.0 30.00 101.00 131.00 NOTE

Check Details

Version: 0.1.0
Check: C++ specification
Result: NOTE Specified C++11: please drop specification unless essential Flavors: r-devel-linux-x86_64-debian-clang, r-devel-linux-x86_64-debian-gcc, r-devel-linux-x86_64-fedora-clang, r-devel-linux-x86_64-fedora-gcc, r-devel-windows-x86_64, r-patched-linux-x86_64, r-release-linux-x86_64, r-release-macos-arm64, r-release-macos-x86_64, r-release-windows-x86_64, r-oldrel-macos-arm64, r-oldrel-macos-x86_64, r-oldrel-windows-x86_64