Last updated on 2024-05-01 16:53:05 CEST.
Flavor | Version | Tinstall | Tcheck | Ttotal | Status | Flags |
---|---|---|---|---|---|---|
r-devel-linux-x86_64-debian-clang | 1.2.1 | 62.94 | 69.42 | 132.36 | NOTE | |
r-devel-linux-x86_64-debian-gcc | 1.2.1 | 43.22 | 53.16 | 96.38 | NOTE | |
r-devel-linux-x86_64-fedora-clang | 1.2.1 | 170.62 | NOTE | |||
r-devel-linux-x86_64-fedora-gcc | 1.2.1 | 170.73 | NOTE | |||
r-devel-windows-x86_64 | 1.2.1 | 44.00 | 91.00 | 135.00 | NOTE | |
r-patched-linux-x86_64 | 1.2.1 | 57.31 | 67.45 | 124.76 | NOTE | |
r-release-linux-x86_64 | 1.2.1 | 59.51 | 68.39 | 127.90 | NOTE | |
r-release-macos-arm64 | 1.2.1 | 44.00 | NOTE | |||
r-release-windows-x86_64 | 1.2.1 | 46.00 | 92.00 | 138.00 | NOTE | |
r-oldrel-macos-arm64 | 1.2.1 | 53.00 | NOTE | |||
r-oldrel-macos-x86_64 | 1.2.1 | 84.00 | NOTE | |||
r-oldrel-windows-x86_64 | 1.2.1 | 56.00 | 109.00 | 165.00 | NOTE |
Version: 1.2.1
Check: C++ specification
Result: NOTE
Specified C++11: please drop specification unless essential
Flavors: r-devel-linux-x86_64-debian-clang, r-devel-linux-x86_64-debian-gcc, r-devel-linux-x86_64-fedora-clang, r-devel-linux-x86_64-fedora-gcc, r-devel-windows-x86_64, r-patched-linux-x86_64, r-release-linux-x86_64, r-release-macos-arm64, r-release-windows-x86_64, r-oldrel-macos-arm64, r-oldrel-macos-x86_64, r-oldrel-windows-x86_64