CRAN Package Check Results for Package PRIMAL

Last updated on 2025-01-19 05:49:17 CET.

Flavor Version Tinstall Tcheck Ttotal Status Flags
r-devel-linux-x86_64-debian-clang 1.0.2 38.52 55.50 94.02 NOTE
r-devel-linux-x86_64-debian-gcc 1.0.2 28.79 47.65 76.44 NOTE
r-devel-linux-x86_64-fedora-clang 1.0.2 151.31 NOTE
r-devel-linux-x86_64-fedora-gcc 1.0.2 179.87 NOTE
r-devel-windows-x86_64 1.0.2 35.00 104.00 139.00 NOTE
r-patched-linux-x86_64 1.0.2 39.03 56.64 95.67 NOTE
r-release-linux-x86_64 1.0.2 37.34 55.64 92.98 NOTE
r-release-macos-arm64 1.0.2 51.00 NOTE
r-release-macos-x86_64 1.0.2 83.00 NOTE
r-release-windows-x86_64 1.0.2 36.00 108.00 144.00 NOTE
r-oldrel-macos-arm64 1.0.2 58.00 NOTE
r-oldrel-macos-x86_64 1.0.2 99.00 NOTE
r-oldrel-windows-x86_64 1.0.2 37.00 113.00 150.00 NOTE

Check Details

Version: 1.0.2
Check: C++ specification
Result: NOTE Specified C++11: please drop specification unless essential Flavors: r-devel-linux-x86_64-debian-clang, r-devel-linux-x86_64-debian-gcc, r-devel-linux-x86_64-fedora-clang, r-devel-linux-x86_64-fedora-gcc, r-devel-windows-x86_64, r-patched-linux-x86_64, r-release-linux-x86_64, r-release-macos-arm64, r-release-macos-x86_64, r-release-windows-x86_64, r-oldrel-macos-arm64, r-oldrel-macos-x86_64, r-oldrel-windows-x86_64

Version: 1.0.2
Check: compiled code
Result: NOTE File ‘PRIMAL/libs/PRIMAL.so’: Found no calls to: ‘R_registerRoutines’, ‘R_useDynamicSymbols’ It is good practice to register native routines and to disable symbol search. See ‘Writing portable packages’ in the ‘Writing R Extensions’ manual. Flavors: r-devel-linux-x86_64-fedora-clang, r-devel-linux-x86_64-fedora-gcc

Version: 1.0.2
Check: installed package size
Result: NOTE installed size is 10.5Mb sub-directories of 1Mb or more: libs 10.1Mb Flavors: r-release-macos-arm64, r-release-macos-x86_64, r-oldrel-macos-arm64, r-oldrel-macos-x86_64