Last updated on 2025-01-19 05:49:17 CET.
Flavor | Version | Tinstall | Tcheck | Ttotal | Status | Flags |
---|---|---|---|---|---|---|
r-devel-linux-x86_64-debian-clang | 0.67.0 | 17.16 | 234.92 | 252.08 | NOTE | |
r-devel-linux-x86_64-debian-gcc | 0.67.0 | 11.77 | 170.42 | 182.19 | NOTE | |
r-devel-linux-x86_64-fedora-clang | 0.67.0 | 404.03 | OK | |||
r-devel-linux-x86_64-fedora-gcc | 0.67.0 | 481.74 | OK | |||
r-devel-windows-x86_64 | 0.67.0 | 18.00 | 390.00 | 408.00 | NOTE | |
r-patched-linux-x86_64 | 0.67.0 | 23.49 | 230.12 | 253.61 | OK | |
r-release-linux-x86_64 | 0.67.0 | 15.79 | 227.13 | 242.92 | OK | |
r-release-macos-arm64 | 0.67.0 | 150.00 | OK | |||
r-release-macos-x86_64 | 0.67.0 | 221.00 | OK | |||
r-release-windows-x86_64 | 0.67.0 | 18.00 | 381.00 | 399.00 | OK | |
r-oldrel-macos-arm64 | 0.67.0 | 197.00 | OK | |||
r-oldrel-macos-x86_64 | 0.67.0 | 375.00 | OK | |||
r-oldrel-windows-x86_64 | 0.67.0 | 21.00 | 444.00 | 465.00 | OK |
Version: 0.67.0
Check: Rd cross-references
Result: NOTE
Found the following Rd file(s) with Rd \link{} targets missing package
anchors:
as.CBS.DNAcopy.Rd: DNAcopy
as.DNAcopy.CBS.Rd: DNAcopy
Please provide package anchors for all Rd \link{} targets not in the
package itself and the base packages.
Flavors: r-devel-linux-x86_64-debian-clang, r-devel-linux-x86_64-debian-gcc, r-devel-windows-x86_64