Last updated on 2025-01-19 05:49:17 CET.
Flavor | Version | Tinstall | Tcheck | Ttotal | Status | Flags |
---|---|---|---|---|---|---|
r-devel-linux-x86_64-debian-clang | 1.0.4 | 73.42 | 28.25 | 101.67 | NOTE | |
r-devel-linux-x86_64-debian-gcc | 1.0.4 | 53.33 | 22.47 | 75.80 | NOTE | |
r-devel-linux-x86_64-fedora-clang | 1.0.4 | 205.22 | NOTE | |||
r-devel-linux-x86_64-fedora-gcc | 1.0.4 | 214.90 | NOTE | |||
r-devel-windows-x86_64 | 1.0.4 | 89.00 | 69.00 | 158.00 | OK | |
r-patched-linux-x86_64 | 1.0.4 | 78.44 | 26.29 | 104.73 | OK | |
r-release-linux-x86_64 | 1.0.4 | 73.94 | 26.41 | 100.35 | OK | |
r-release-macos-arm64 | 1.0.4 | 55.00 | NOTE | |||
r-release-macos-x86_64 | 1.0.4 | 88.00 | NOTE | |||
r-release-windows-x86_64 | 1.0.4 | 86.00 | 69.00 | 155.00 | OK | |
r-oldrel-macos-arm64 | 1.0.4 | 54.00 | NOTE | |||
r-oldrel-macos-x86_64 | 1.0.4 | 89.00 | NOTE | |||
r-oldrel-windows-x86_64 | 1.0.4 | 93.00 | 79.00 | 172.00 | OK |
Version: 1.0.4
Check: top-level files
Result: NOTE
possible bashism in configure.ac line 36 (should be 'b = a'):
if test "$ac_cv_header_stdint_h" == yes; then
possible bashism in configure.ac line 50 (should be 'b = a'):
if test "$ac_cv_header_inttypes_h" == yes; then
Flavors: r-devel-linux-x86_64-debian-clang, r-devel-linux-x86_64-debian-gcc, r-devel-linux-x86_64-fedora-clang, r-devel-linux-x86_64-fedora-gcc
Version: 1.0.4
Check: installed package size
Result: NOTE
installed size is 5.3Mb
sub-directories of 1Mb or more:
libs 5.2Mb
Flavors: r-release-macos-arm64, r-release-macos-x86_64, r-oldrel-macos-arm64, r-oldrel-macos-x86_64