CRAN Package Check Results for Package PSLM2015

Last updated on 2025-01-19 05:49:17 CET.

Flavor Version Tinstall Tcheck Ttotal Status Flags
r-devel-linux-x86_64-debian-clang 0.2.0 6.88 38.74 45.62 OK
r-devel-linux-x86_64-debian-gcc 0.2.0 4.73 29.20 33.93 OK
r-devel-linux-x86_64-fedora-clang 0.2.0 73.88 OK
r-devel-linux-x86_64-fedora-gcc 0.2.0 68.38 OK
r-devel-windows-x86_64 0.2.0 8.00 58.00 66.00 OK
r-patched-linux-x86_64 0.2.0 6.81 36.45 43.26 OK
r-release-linux-x86_64 0.2.0 6.76 36.40 43.16 OK
r-release-macos-arm64 0.2.0 27.00 NOTE
r-release-macos-x86_64 0.2.0 47.00 NOTE
r-release-windows-x86_64 0.2.0 9.00 58.00 67.00 OK
r-oldrel-macos-arm64 0.2.0 27.00 NOTE
r-oldrel-macos-x86_64 0.2.0 40.00 NOTE
r-oldrel-windows-x86_64 0.2.0 11.00 67.00 78.00 OK

Check Details

Version: 0.2.0
Check: installed package size
Result: NOTE installed size is 5.0Mb sub-directories of 1Mb or more: data 4.9Mb Flavors: r-release-macos-arm64, r-release-macos-x86_64, r-oldrel-macos-arm64, r-oldrel-macos-x86_64