Last updated on 2025-01-19 05:49:17 CET.
Flavor | Version | Tinstall | Tcheck | Ttotal | Status | Flags |
---|---|---|---|---|---|---|
r-devel-linux-x86_64-debian-clang | 1.1.2 | 19.79 | 208.13 | 227.92 | OK | |
r-devel-linux-x86_64-debian-gcc | 1.1.2 | 11.51 | 141.86 | 153.37 | OK | |
r-devel-linux-x86_64-fedora-clang | 1.1.2 | 358.85 | OK | |||
r-devel-linux-x86_64-fedora-gcc | 1.1.2 | 362.90 | OK | |||
r-devel-windows-x86_64 | 1.1.2 | 20.00 | 213.00 | 233.00 | OK | |
r-patched-linux-x86_64 | 1.1.2 | 20.87 | 189.38 | 210.25 | OK | |
r-release-linux-x86_64 | 1.1.2 | 17.80 | 191.43 | 209.23 | OK | |
r-release-macos-arm64 | 1.1.2 | 121.00 | NOTE | |||
r-release-macos-x86_64 | 1.1.2 | 176.00 | NOTE | |||
r-release-windows-x86_64 | 1.1.2 | 19.00 | 215.00 | 234.00 | NOTE | |
r-oldrel-macos-arm64 | 1.1.2 | 124.00 | NOTE | |||
r-oldrel-macos-x86_64 | 1.1.2 | 199.00 | NOTE | |||
r-oldrel-windows-x86_64 | 1.1.2 | 27.00 | 263.00 | 290.00 | NOTE |
Version: 1.1.2
Check: installed package size
Result: NOTE
installed size is 7.9Mb
sub-directories of 1Mb or more:
doc 4.0Mb
examples 2.6Mb
Flavors: r-release-macos-arm64, r-release-macos-x86_64, r-release-windows-x86_64, r-oldrel-macos-arm64, r-oldrel-macos-x86_64, r-oldrel-windows-x86_64