Last updated on 2025-01-19 05:49:17 CET.
Flavor | Version | Tinstall | Tcheck | Ttotal | Status | Flags |
---|---|---|---|---|---|---|
r-devel-linux-x86_64-debian-clang | 3.2.5 | 144.88 | 99.08 | 243.96 | OK | |
r-devel-linux-x86_64-debian-gcc | 3.2.5 | 119.71 | 78.74 | 198.45 | OK | |
r-devel-linux-x86_64-fedora-clang | 3.2.5 | 426.25 | OK | |||
r-devel-linux-x86_64-fedora-gcc | 3.2.5 | 505.93 | OK | |||
r-devel-windows-x86_64 | 3.2.5 | 140.00 | 133.00 | 273.00 | OK | |
r-patched-linux-x86_64 | 3.2.5 | 164.38 | 102.39 | 266.77 | OK | |
r-release-linux-x86_64 | 3.2.5 | 162.49 | 101.40 | 263.89 | OK | |
r-release-macos-arm64 | 3.2.5 | 122.00 | NOTE | |||
r-release-macos-x86_64 | 3.2.5 | 130.00 | NOTE | |||
r-release-windows-x86_64 | 3.2.5 | 142.00 | 132.00 | 274.00 | OK | |
r-oldrel-macos-arm64 | 3.2.5 | 165.00 | NOTE | |||
r-oldrel-macos-x86_64 | 3.2.5 | 166.00 | NOTE | |||
r-oldrel-windows-x86_64 | 3.2.5 | 160.00 | 162.00 | 322.00 | OK |
Version: 3.2.5
Check: installed package size
Result: NOTE
installed size is 40.9Mb
sub-directories of 1Mb or more:
libs 40.4Mb
Flavors: r-release-macos-arm64, r-release-macos-x86_64, r-oldrel-macos-arm64, r-oldrel-macos-x86_64