Last updated on 2025-01-19 05:49:17 CET.
Flavor | Version | Tinstall | Tcheck | Ttotal | Status | Flags |
---|---|---|---|---|---|---|
r-devel-linux-x86_64-debian-clang | 0.1-7 | 27.54 | 145.21 | 172.75 | NOTE | |
r-devel-linux-x86_64-debian-gcc | 0.1-7 | 19.30 | 102.21 | 121.51 | NOTE | |
r-devel-linux-x86_64-fedora-clang | 0.1-7 | 280.13 | OK | |||
r-devel-linux-x86_64-fedora-gcc | 0.1-7 | 265.57 | OK | |||
r-devel-windows-x86_64 | 0.1-7 | 20.00 | 129.00 | 149.00 | NOTE | |
r-patched-linux-x86_64 | 0.1-7 | 35.42 | 136.35 | 171.77 | OK | |
r-release-linux-x86_64 | 0.1-7 | 27.83 | 135.21 | 163.04 | OK | |
r-release-macos-arm64 | 0.1-7 | 62.00 | OK | |||
r-release-macos-x86_64 | 0.1-7 | 89.00 | OK | |||
r-release-windows-x86_64 | 0.1-7 | 20.00 | 129.00 | 149.00 | OK | |
r-oldrel-macos-arm64 | 0.1-7 | 73.00 | OK | |||
r-oldrel-macos-x86_64 | 0.1-7 | 143.00 | OK | |||
r-oldrel-windows-x86_64 | 0.1-7 | 25.00 | 150.00 | 175.00 | OK |
Version: 0.1-7
Check: Rd cross-references
Result: NOTE
Found the following Rd file(s) with Rd \link{} targets missing package
anchors:
pva-class.Rd: dcmle-class
Please provide package anchors for all Rd \link{} targets not in the
package itself and the base packages.
Flavors: r-devel-linux-x86_64-debian-clang, r-devel-linux-x86_64-debian-gcc, r-devel-windows-x86_64