Last updated on 2025-01-19 05:49:16 CET.
Flavor | Version | Tinstall | Tcheck | Ttotal | Status | Flags |
---|---|---|---|---|---|---|
r-devel-linux-x86_64-debian-clang | 0.1.15 | 0.52 | 1.88 | 2.40 | ERROR | |
r-devel-linux-x86_64-debian-gcc | 0.1.15 | 6.71 | 66.15 | 72.86 | OK | |
r-devel-linux-x86_64-fedora-clang | 0.1.15 | 167.11 | OK | |||
r-devel-linux-x86_64-fedora-gcc | 0.1.15 | 161.33 | OK | |||
r-devel-windows-x86_64 | 0.1.15 | 13.00 | 104.00 | 117.00 | OK | |
r-patched-linux-x86_64 | 0.1.15 | 9.71 | 90.35 | 100.06 | OK | |
r-release-linux-x86_64 | 0.1.15 | 10.52 | 89.84 | 100.36 | OK | |
r-release-macos-arm64 | 0.1.15 | 66.00 | OK | |||
r-release-macos-x86_64 | 0.1.15 | 109.00 | OK | |||
r-release-windows-x86_64 | 0.1.15 | 14.00 | 104.00 | 118.00 | OK | |
r-oldrel-macos-arm64 | 0.1.15 | 71.00 | OK | |||
r-oldrel-macos-x86_64 | 0.1.15 | 111.00 | OK | |||
r-oldrel-windows-x86_64 | 0.1.15 | 13.00 | 120.00 | 133.00 | OK |
Version: 0.1.15
Check: package dependencies
Result: ERROR
Package required but not available: ‘pak’
See section ‘The DESCRIPTION file’ in the ‘Writing R Extensions’
manual.
Flavor: r-devel-linux-x86_64-debian-clang