CRAN Package Check Results for Package PakPMICS2014Wm

Last updated on 2025-01-19 05:49:16 CET.

Flavor Version Tinstall Tcheck Ttotal Status Flags
r-devel-linux-x86_64-debian-clang 0.1.1 27.12 26.62 53.74 NOTE
r-devel-linux-x86_64-debian-gcc 0.1.1 19.83 20.65 40.48 NOTE
r-devel-linux-x86_64-fedora-clang 0.1.1 86.48 NOTE
r-devel-linux-x86_64-fedora-gcc 0.1.1 82.54 NOTE
r-devel-windows-x86_64 0.1.1 24.00 55.00 79.00 NOTE
r-patched-linux-x86_64 0.1.1 27.19 25.24 52.43 NOTE
r-release-linux-x86_64 0.1.1 26.63 24.72 51.35 NOTE
r-release-macos-arm64 0.1.1 37.00 NOTE
r-release-macos-x86_64 0.1.1 43.00 NOTE
r-release-windows-x86_64 0.1.1 24.00 53.00 77.00 NOTE
r-oldrel-macos-arm64 0.1.1 39.00 OK
r-oldrel-macos-x86_64 0.1.1 54.00 OK
r-oldrel-windows-x86_64 0.1.1 25.00 53.00 78.00 OK

Check Details

Version: 0.1.1
Check: Rd files
Result: NOTE checkRd: (-1) MICS2014Wm.Rd:336: Lost braces in \enumerate; meant \describe ? checkRd: (-1) MICS2014Wm.Rd:337: Lost braces in \enumerate; meant \describe ? Flavors: r-devel-linux-x86_64-debian-clang, r-devel-linux-x86_64-debian-gcc, r-devel-linux-x86_64-fedora-clang, r-devel-linux-x86_64-fedora-gcc, r-devel-windows-x86_64, r-patched-linux-x86_64, r-release-linux-x86_64, r-release-macos-arm64, r-release-macos-x86_64, r-release-windows-x86_64

Version: 0.1.1
Check: dependencies in R code
Result: NOTE Namespace in Imports field not imported from: ‘stats’ All declared Imports should be used. Flavors: r-devel-linux-x86_64-fedora-clang, r-devel-linux-x86_64-fedora-gcc