Last updated on 2024-04-17 13:57:37 CEST.
Flavor | Version | Tinstall | Tcheck | Ttotal | Status | Flags |
---|---|---|---|---|---|---|
r-devel-linux-x86_64-debian-clang | 1.0.0 | 4.10 | 61.14 | 65.24 | NOTE | |
r-devel-linux-x86_64-debian-gcc | 1.0.0 | 3.30 | 44.89 | 48.19 | NOTE | |
r-devel-linux-x86_64-fedora-clang | 1.0.0 | 81.05 | NOTE | |||
r-devel-linux-x86_64-fedora-gcc | 1.0.0 | 90.35 | NOTE | |||
r-prerel-macos-arm64 | 1.0.0 | 30.00 | NOTE | |||
r-prerel-windows-x86_64 | 1.0.0 | 5.00 | 69.00 | 74.00 | NOTE | |
r-patched-linux-x86_64 | 1.0.0 | 6.74 | 58.83 | 65.57 | NOTE | |
r-release-linux-x86_64 | 1.0.0 | 4.01 | 58.13 | 62.14 | NOTE | |
r-release-macos-arm64 | 1.0.0 | 33.00 | NOTE | |||
r-release-macos-x86_64 | 1.0.0 | 48.00 | NOTE | |||
r-release-windows-x86_64 | 1.0.0 | 7.00 | 74.00 | 81.00 | NOTE | |
r-oldrel-macos-arm64 | 1.0.0 | 25.00 | NOTE | |||
r-oldrel-windows-x86_64 | 1.0.0 | 6.00 | 68.00 | 74.00 | NOTE |
Version: 1.0.0
Check: Rd files
Result: NOTE
checkRd: (-1) PakPMICS2018bh.Rd:90: Lost braces in \enumerate; meant \describe ?
checkRd: (-1) PakPMICS2018ch.Rd:454: Lost braces in \enumerate; meant \describe ?
checkRd: (-1) PakPMICS2018fs.Rd:310: Lost braces in \enumerate; meant \describe ?
checkRd: (-1) PakPMICS2018hh.Rd:364: Lost braces in \enumerate; meant \describe ?
checkRd: (-1) PakPMICS2018hl.Rd:132: Lost braces in \enumerate; meant \describe ?
checkRd: (-1) PakPMICS2018mm.Rd:71: Lost braces in \enumerate; meant \describe ?
checkRd: (-1) PakPMICS2018mn.Rd:245: Lost braces in \enumerate; meant \describe ?
checkRd: (-1) PakPMICS2018wm.Rd:448: Lost braces in \enumerate; meant \describe ?
Flavors: r-devel-linux-x86_64-debian-clang, r-devel-linux-x86_64-debian-gcc, r-devel-linux-x86_64-fedora-clang, r-devel-linux-x86_64-fedora-gcc, r-prerel-macos-arm64, r-prerel-windows-x86_64, r-patched-linux-x86_64
Version: 1.0.0
Check: LazyData
Result: NOTE
'LazyData' is specified without a 'data' directory
Flavors: r-devel-linux-x86_64-debian-clang, r-devel-linux-x86_64-debian-gcc, r-devel-linux-x86_64-fedora-clang, r-devel-linux-x86_64-fedora-gcc, r-prerel-macos-arm64, r-prerel-windows-x86_64, r-patched-linux-x86_64, r-release-linux-x86_64, r-release-macos-arm64, r-release-macos-x86_64, r-release-windows-x86_64, r-oldrel-macos-arm64, r-oldrel-windows-x86_64