Last updated on 2025-01-19 05:49:16 CET.
Flavor | Version | Tinstall | Tcheck | Ttotal | Status | Flags |
---|---|---|---|---|---|---|
r-devel-linux-x86_64-debian-clang | 0.1.0 | 5.23 | 35.75 | 40.98 | NOTE | |
r-devel-linux-x86_64-debian-gcc | 0.1.0 | 3.87 | 26.80 | 30.67 | NOTE | |
r-devel-linux-x86_64-fedora-clang | 0.1.0 | 68.30 | NOTE | |||
r-devel-linux-x86_64-fedora-gcc | 0.1.0 | 76.30 | NOTE | |||
r-devel-windows-x86_64 | 0.1.0 | 9.00 | 54.00 | 63.00 | NOTE | |
r-patched-linux-x86_64 | 0.1.0 | 6.24 | 33.11 | 39.35 | NOTE | |
r-release-linux-x86_64 | 0.1.0 | 4.90 | 32.96 | 37.86 | NOTE | |
r-release-macos-arm64 | 0.1.0 | 28.00 | NOTE | |||
r-release-macos-x86_64 | 0.1.0 | 42.00 | NOTE | |||
r-release-windows-x86_64 | 0.1.0 | 7.00 | 54.00 | 61.00 | NOTE | |
r-oldrel-macos-arm64 | 0.1.0 | 32.00 | OK | |||
r-oldrel-macos-x86_64 | 0.1.0 | 46.00 | OK | |||
r-oldrel-windows-x86_64 | 0.1.0 | 9.00 | 58.00 | 67.00 | OK |
Version: 0.1.0
Check: Rd files
Result: NOTE
checkRd: (-1) PakPMICS2018mn.Rd:243: Lost braces in \enumerate; meant \describe ?
checkRd: (-1) PakPMICS2018mn.Rd:244: Lost braces in \enumerate; meant \describe ?
Flavors: r-devel-linux-x86_64-debian-clang, r-devel-linux-x86_64-debian-gcc, r-devel-linux-x86_64-fedora-clang, r-devel-linux-x86_64-fedora-gcc, r-devel-windows-x86_64, r-patched-linux-x86_64, r-release-linux-x86_64, r-release-macos-arm64, r-release-macos-x86_64, r-release-windows-x86_64