Last updated on 2024-04-21 12:54:05 CEST.
Flavor | Version | Tinstall | Tcheck | Ttotal | Status | Flags |
---|---|---|---|---|---|---|
r-devel-linux-x86_64-debian-clang | 0.1.0 | 7.48 | 45.00 | 52.48 | NOTE | |
r-devel-linux-x86_64-debian-gcc | 0.1.0 | 5.79 | 33.88 | 39.67 | NOTE | |
r-devel-linux-x86_64-fedora-clang | 0.1.0 | 66.83 | NOTE | |||
r-devel-linux-x86_64-fedora-gcc | 0.1.0 | 75.09 | NOTE | |||
r-prerel-macos-arm64 | 0.1.0 | 28.00 | NOTE | |||
r-prerel-windows-x86_64 | 0.1.0 | 9.00 | 54.00 | 63.00 | NOTE | |
r-patched-linux-x86_64 | 0.1.0 | 7.22 | 42.16 | 49.38 | NOTE | |
r-release-linux-x86_64 | 0.1.0 | 7.20 | 43.43 | 50.63 | OK | |
r-release-macos-arm64 | 0.1.0 | 32.00 | OK | |||
r-release-macos-x86_64 | 0.1.0 | 46.00 | OK | |||
r-release-windows-x86_64 | 0.1.0 | 10.00 | 57.00 | 67.00 | OK | |
r-oldrel-macos-arm64 | 0.1.0 | 25.00 | NOTE | |||
r-oldrel-windows-x86_64 | 0.1.0 | 11.00 | 61.00 | 72.00 | OK |
Version: 0.1.0
Check: Rd files
Result: NOTE
checkRd: (-1) PakPMICS2018mn.Rd:243: Lost braces in \enumerate; meant \describe ?
checkRd: (-1) PakPMICS2018mn.Rd:244: Lost braces in \enumerate; meant \describe ?
Flavors: r-devel-linux-x86_64-debian-clang, r-devel-linux-x86_64-debian-gcc, r-devel-linux-x86_64-fedora-clang, r-devel-linux-x86_64-fedora-gcc, r-prerel-macos-arm64, r-prerel-windows-x86_64, r-patched-linux-x86_64
Version: 0.1.0
Check: data for non-ASCII characters
Result: NOTE
Note: found 4 marked UTF-8 strings
Flavors: r-devel-linux-x86_64-fedora-clang, r-devel-linux-x86_64-fedora-gcc, r-oldrel-macos-arm64