Last updated on 2025-01-19 05:49:16 CET.
Flavor | Version | Tinstall | Tcheck | Ttotal | Status | Flags |
---|---|---|---|---|---|---|
r-devel-linux-x86_64-debian-clang | 1.0.4 | 286.85 | 110.46 | 397.31 | OK | |
r-devel-linux-x86_64-debian-gcc | 1.0.4 | 207.57 | 83.42 | 290.99 | OK | |
r-devel-linux-x86_64-fedora-clang | 1.0.4 | 748.03 | OK | |||
r-devel-linux-x86_64-fedora-gcc | 1.0.4 | 873.70 | OK | |||
r-devel-windows-x86_64 | 1.0.4 | 266.00 | 202.00 | 468.00 | OK | |
r-patched-linux-x86_64 | 1.0.4 | 290.67 | 109.07 | 399.74 | OK | |
r-release-linux-x86_64 | 1.0.4 | 291.53 | 109.56 | 401.09 | OK | |
r-release-macos-arm64 | 1.0.4 | 188.00 | NOTE | |||
r-release-macos-x86_64 | 1.0.4 | 183.00 | NOTE | |||
r-release-windows-x86_64 | 1.0.4 | 267.00 | 206.00 | 473.00 | NOTE | |
r-oldrel-macos-arm64 | 1.0.4 | 187.00 | NOTE | |||
r-oldrel-macos-x86_64 | 1.0.4 | 240.00 | NOTE | |||
r-oldrel-windows-x86_64 | 1.0.4 | 307.00 | 220.00 | 527.00 | NOTE |
Version: 1.0.4
Check: installed package size
Result: NOTE
installed size is 46.4Mb
sub-directories of 1Mb or more:
doc 3.1Mb
libs 43.0Mb
Flavors: r-release-macos-arm64, r-release-macos-x86_64, r-release-windows-x86_64, r-oldrel-macos-arm64, r-oldrel-macos-x86_64, r-oldrel-windows-x86_64