Last updated on 2024-04-25 18:49:36 CEST.
Flavor | Version | Tinstall | Tcheck | Ttotal | Status | Flags |
---|---|---|---|---|---|---|
r-devel-linux-x86_64-debian-clang | 2.0 | 2.41 | 21.80 | 24.21 | NOTE | |
r-devel-linux-x86_64-debian-gcc | 2.0 | 1.55 | 16.84 | 18.39 | NOTE | |
r-devel-linux-x86_64-fedora-clang | 2.0 | 30.71 | NOTE | |||
r-devel-linux-x86_64-fedora-gcc | 2.0 | 29.03 | NOTE | |||
r-devel-windows-x86_64 | 2.0 | 3.00 | 37.00 | 40.00 | NOTE | |
r-patched-linux-x86_64 | 2.0 | 2.45 | 20.39 | 22.84 | NOTE | |
r-release-linux-x86_64 | 2.0 | 1.66 | 22.04 | 23.70 | NOTE | |
r-release-macos-arm64 | 2.0 | 14.00 | NOTE | |||
r-release-windows-x86_64 | 2.0 | 3.00 | 37.00 | 40.00 | NOTE | |
r-oldrel-macos-arm64 | 2.0 | 15.00 | NOTE | |||
r-oldrel-macos-x86_64 | 2.0 | 19.00 | NOTE | |||
r-oldrel-windows-x86_64 | 2.0 | 3.00 | 38.00 | 41.00 | NOTE |
Version: 2.0
Check: LazyData
Result: NOTE
'LazyData' is specified without a 'data' directory
Flavors: r-devel-linux-x86_64-debian-clang, r-devel-linux-x86_64-debian-gcc, r-devel-linux-x86_64-fedora-clang, r-devel-linux-x86_64-fedora-gcc, r-devel-windows-x86_64, r-patched-linux-x86_64, r-release-linux-x86_64, r-release-macos-arm64, r-release-windows-x86_64, r-oldrel-macos-arm64, r-oldrel-macos-x86_64, r-oldrel-windows-x86_64