Last updated on 2024-03-27 20:50:04 CET.
Flavor | Version | Tinstall | Tcheck | Ttotal | Status | Flags |
---|---|---|---|---|---|---|
r-devel-linux-x86_64-debian-clang | 1.4 | 61.36 | 458.05 | 519.41 | OK | |
r-devel-linux-x86_64-debian-gcc | 1.4 | 43.37 | 337.36 | 380.73 | OK | |
r-devel-linux-x86_64-fedora-clang | 1.4 | 693.55 | OK | |||
r-devel-linux-x86_64-fedora-gcc | 1.4 | 653.00 | OK | |||
r-devel-windows-x86_64 | 1.4 | 35.00 | 274.00 | 309.00 | OK | |
r-patched-linux-x86_64 | 1.4 | 32.16 | 387.42 | 419.58 | OK | |
r-release-linux-x86_64 | 1.4 | 34.48 | 386.72 | 421.20 | OK | |
r-release-macos-arm64 | 1.4 | 166.00 | OK | |||
r-release-macos-x86_64 | 1.4 | 277.00 | OK | |||
r-release-windows-x86_64 | 1.4 | 43.00 | 348.00 | 391.00 | OK | |
r-oldrel-macos-arm64 | 1.4 | 11.00 | ERROR | |||
r-oldrel-windows-x86_64 | 1.4 | 49.00 | 340.00 | 389.00 | OK |
Version: 1.4
Check: package dependencies
Result: ERROR
Package required but not available: ‘Mfuzz’
See section ‘The DESCRIPTION file’ in the ‘Writing R Extensions’
manual.
Flavor: r-oldrel-macos-arm64