CRAN Package Check Results for Package PearsonDS

Last updated on 2025-01-19 05:49:16 CET.

Flavor Version Tinstall Tcheck Ttotal Status Flags
r-devel-linux-x86_64-debian-clang 1.3.1 8.82 32.83 41.65 NOTE
r-devel-linux-x86_64-debian-gcc 1.3.1 7.03 24.76 31.79 NOTE
r-devel-linux-x86_64-fedora-clang 1.3.1 69.53 NOTE
r-devel-linux-x86_64-fedora-gcc 1.3.1 67.24 NOTE
r-devel-windows-x86_64 1.3.1 21.00 61.00 82.00 OK
r-patched-linux-x86_64 1.3.1 9.11 33.11 42.22 OK
r-release-linux-x86_64 1.3.1 8.17 32.57 40.74 OK
r-release-macos-arm64 1.3.1 22.00 OK
r-release-macos-x86_64 1.3.1 37.00 OK
r-release-windows-x86_64 1.3.1 19.00 57.00 76.00 OK
r-oldrel-macos-arm64 1.3.1 33.00 OK
r-oldrel-macos-x86_64 1.3.1 87.00 OK
r-oldrel-windows-x86_64 1.3.1 27.00 69.00 96.00 OK

Check Details

Version: 1.3.1
Check: top-level files
Result: NOTE possible bashism in configure.ac line 15 (unsafe echo with backslash): host=`echo 'cat(R.version$platform,"\n")' | "${R_HOME}/bin/R" --vanilla --slave` Flavors: r-devel-linux-x86_64-debian-clang, r-devel-linux-x86_64-debian-gcc, r-devel-linux-x86_64-fedora-clang, r-devel-linux-x86_64-fedora-gcc