CRAN Package Check Results for Package PerFit

Last updated on 2025-01-19 05:49:16 CET.

Flavor Version Tinstall Tcheck Ttotal Status Flags
r-devel-linux-x86_64-debian-clang 1.4.6 17.64 140.01 157.65 NOTE
r-devel-linux-x86_64-debian-gcc 1.4.6 12.92 95.69 108.61 NOTE
r-devel-linux-x86_64-fedora-clang 1.4.6 249.65 OK
r-devel-linux-x86_64-fedora-gcc 1.4.6 241.12 OK
r-devel-windows-x86_64 1.4.6 18.00 148.00 166.00 NOTE
r-patched-linux-x86_64 1.4.6 22.37 129.41 151.78 OK
r-release-linux-x86_64 1.4.6 16.50 129.51 146.01 OK
r-release-macos-arm64 1.4.6 59.00 OK
r-release-macos-x86_64 1.4.6 86.00 OK
r-release-windows-x86_64 1.4.6 18.00 148.00 166.00 OK
r-oldrel-macos-arm64 1.4.6 70.00 OK
r-oldrel-macos-x86_64 1.4.6 113.00 OK
r-oldrel-windows-x86_64 1.4.6 23.00 179.00 202.00 OK

Check Details

Version: 1.4.6
Check: Rd cross-references
Result: NOTE Found the following Rd file(s) with Rd \link{} targets missing package anchors: lz.Rd: irtoys Please provide package anchors for all Rd \link{} targets not in the package itself and the base packages. Flavors: r-devel-linux-x86_64-debian-clang, r-devel-linux-x86_64-debian-gcc, r-devel-windows-x86_64