Last updated on 2024-05-09 19:49:54 CEST.
Flavor | Version | Tinstall | Tcheck | Ttotal | Status | Flags |
---|---|---|---|---|---|---|
r-devel-linux-x86_64-debian-clang | 1.0.8 | 11.45 | 87.47 | 98.92 | OK | |
r-devel-linux-x86_64-debian-gcc | 1.0.8 | 0.35 | 1.67 | 2.02 | ERROR | |
r-devel-linux-x86_64-fedora-clang | 1.0.8 | 3.75 | ERROR | |||
r-devel-linux-x86_64-fedora-gcc | 1.0.8 | 2.24 | ERROR | |||
r-devel-windows-x86_64 | 1.0.8 | 1.00 | 5.00 | 6.00 | ERROR | |
r-patched-linux-x86_64 | 1.0.8 | 9.25 | 82.61 | 91.86 | OK | |
r-release-linux-x86_64 | 1.0.8 | 9.20 | 82.97 | 92.17 | OK | |
r-release-macos-arm64 | 1.0.8 | 35.00 | OK | |||
r-release-macos-x86_64 | 1.0.8 | 80.00 | OK | |||
r-release-windows-x86_64 | 1.0.8 | 9.00 | 77.00 | 86.00 | OK | |
r-oldrel-macos-arm64 | 1.0.8 | 41.00 | OK | |||
r-oldrel-macos-x86_64 | 1.0.8 | 85.00 | OK | |||
r-oldrel-windows-x86_64 | 1.0.8 | 12.00 | 93.00 | 105.00 | OK |
Version: 1.0.8
Check: package dependencies
Result: ERROR
Package required but not available: ‘LBE’
See section ‘The DESCRIPTION file’ in the ‘Writing R Extensions’
manual.
Flavors: r-devel-linux-x86_64-debian-gcc, r-devel-linux-x86_64-fedora-gcc
Version: 1.0.8
Check: whether package can be installed
Result: ERROR
Installation failed.
Flavors: r-devel-linux-x86_64-fedora-clang, r-devel-windows-x86_64