CRAN Package Check Results for Package PhenotypeSimulator

Last updated on 2025-01-19 05:49:16 CET.

Flavor Version Tinstall Tcheck Ttotal Status Flags
r-devel-linux-x86_64-debian-clang 0.3.4 22.08 218.29 240.37 NOTE
r-devel-linux-x86_64-debian-gcc 0.3.4 14.87 148.25 163.12 NOTE
r-devel-linux-x86_64-fedora-clang 0.3.4 400.92 NOTE
r-devel-linux-x86_64-fedora-gcc 0.3.4 392.05 NOTE
r-devel-windows-x86_64 0.3.4 27.00 315.00 342.00 NOTE
r-patched-linux-x86_64 0.3.4 19.38 205.00 224.38 NOTE
r-release-linux-x86_64 0.3.4 22.39 205.09 227.48 NOTE
r-release-macos-arm64 0.3.4 106.00 NOTE
r-release-macos-x86_64 0.3.4 167.00 NOTE
r-release-windows-x86_64 0.3.4 25.00 316.00 341.00 NOTE
r-oldrel-macos-arm64 0.3.4 9.00 ERROR
r-oldrel-macos-x86_64 0.3.4 195.00 NOTE
r-oldrel-windows-x86_64 0.3.4 31.00 347.00 378.00 NOTE

Check Details

Version: 0.3.4
Check: C++ specification
Result: NOTE Specified C++11: please drop specification unless essential Flavors: r-devel-linux-x86_64-debian-clang, r-devel-linux-x86_64-debian-gcc, r-devel-linux-x86_64-fedora-clang, r-devel-linux-x86_64-fedora-gcc, r-devel-windows-x86_64, r-patched-linux-x86_64, r-release-linux-x86_64, r-release-macos-arm64, r-release-macos-x86_64, r-release-windows-x86_64, r-oldrel-macos-x86_64, r-oldrel-windows-x86_64

Version: 0.3.4
Check: installed package size
Result: NOTE installed size is 5.7Mb sub-directories of 1Mb or more: doc 1.5Mb extdata 3.1Mb Flavors: r-release-macos-arm64, r-release-macos-x86_64, r-release-windows-x86_64, r-oldrel-macos-x86_64, r-oldrel-windows-x86_64

Version: 0.3.4
Check: package dependencies
Result: ERROR Package required but not available: ‘snpStats’ See section ‘The DESCRIPTION file’ in the ‘Writing R Extensions’ manual. Flavor: r-oldrel-macos-arm64