CRAN Package Check Results for Package PhySortR

Last updated on 2025-02-08 20:48:31 CET.

Flavor Version Tinstall Tcheck Ttotal Status Flags
r-devel-linux-x86_64-debian-clang 1.0.8 9.35 72.85 82.20 NOTE
r-devel-linux-x86_64-debian-gcc 1.0.8 7.53 51.32 58.85 NOTE
r-devel-linux-x86_64-fedora-clang 1.0.8 136.06 OK
r-devel-linux-x86_64-fedora-gcc 1.0.8 119.06 OK
r-devel-windows-x86_64 1.0.8 10.00 83.00 93.00 NOTE
r-patched-linux-x86_64 1.0.8 13.24 67.10 80.34 NOTE
r-release-linux-x86_64 1.0.8 8.91 66.74 75.65 NOTE
r-release-macos-arm64 1.0.8 36.00 NOTE
r-release-macos-x86_64 1.0.8 56.00 NOTE
r-release-windows-x86_64 1.0.8 10.00 78.00 88.00 NOTE
r-oldrel-macos-arm64 1.0.8 42.00 NOTE
r-oldrel-macos-x86_64 1.0.8 64.00 NOTE
r-oldrel-windows-x86_64 1.0.8 12.00 100.00 112.00 NOTE

Check Details

Version: 1.0.8
Check: Rd cross-references
Result: NOTE Found the following Rd file(s) with Rd \link{} targets missing package anchors: PhySortR.Rd: phytools, ape Please provide package anchors for all Rd \link{} targets not in the package itself and the base packages. Flavors: r-devel-linux-x86_64-debian-clang, r-devel-linux-x86_64-debian-gcc, r-devel-windows-x86_64

Version: 1.0.8
Check: LazyData
Result: NOTE 'LazyData' is specified without a 'data' directory Flavors: r-patched-linux-x86_64, r-release-linux-x86_64, r-release-macos-arm64, r-release-macos-x86_64, r-release-windows-x86_64, r-oldrel-macos-arm64, r-oldrel-macos-x86_64, r-oldrel-windows-x86_64