Last updated on 2024-03-28 14:48:37 CET.
Flavor | Version | Tinstall | Tcheck | Ttotal | Status | Flags |
---|---|---|---|---|---|---|
r-devel-linux-x86_64-debian-clang | 1.7.0 | 60.89 | 504.68 | 565.57 | OK | |
r-devel-linux-x86_64-debian-gcc | 1.7.0 | 49.96 | 364.14 | 414.10 | OK | |
r-devel-linux-x86_64-fedora-clang | 1.7.0 | 741.49 | OK | |||
r-devel-linux-x86_64-fedora-gcc | 1.7.0 | 703.18 | OK | |||
r-devel-windows-x86_64 | 1.7.0 | 49.00 | 358.00 | 407.00 | OK | |
r-patched-linux-x86_64 | 1.7.0 | 62.99 | 486.86 | 549.85 | OK | |
r-release-linux-x86_64 | 1.7.0 | 55.47 | 493.56 | 549.03 | OK | |
r-release-macos-arm64 | 1.7.0 | 179.00 | NOTE | |||
r-release-macos-x86_64 | 1.7.0 | 424.00 | NOTE | |||
r-release-windows-x86_64 | 1.7.0 | 60.00 | 514.00 | 574.00 | OK | |
r-oldrel-macos-arm64 | 1.7.0 | 193.00 | NOTE | |||
r-oldrel-windows-x86_64 | 1.7.0 | 60.00 | 475.00 | 535.00 | OK |
Version: 1.7.0
Check: installed package size
Result: NOTE
installed size is 5.0Mb
sub-directories of 1Mb or more:
libs 3.5Mb
Flavors: r-release-macos-arm64, r-release-macos-x86_64, r-oldrel-macos-arm64