Last updated on 2024-04-21 12:54:06 CEST.
Flavor | Version | Tinstall | Tcheck | Ttotal | Status | Flags |
---|---|---|---|---|---|---|
r-devel-linux-x86_64-debian-clang | 1.0.4 | 38.27 | 28.16 | 66.43 | NOTE | |
r-devel-linux-x86_64-debian-gcc | 1.0.4 | 26.49 | 21.53 | 48.02 | NOTE | |
r-devel-linux-x86_64-fedora-clang | 1.0.4 | 89.08 | NOTE | |||
r-devel-linux-x86_64-fedora-gcc | 1.0.4 | 86.99 | NOTE | |||
r-prerel-macos-arm64 | 1.0.4 | 25.00 | NOTE | |||
r-prerel-windows-x86_64 | 1.0.4 | 26.00 | 63.00 | 89.00 | NOTE | |
r-patched-linux-x86_64 | 1.0.4 | 29.20 | 27.60 | 56.80 | NOTE | |
r-release-linux-x86_64 | 1.0.4 | 33.17 | 27.48 | 60.65 | NOTE | |
r-release-macos-arm64 | 1.0.4 | 28.00 | NOTE | |||
r-release-macos-x86_64 | 1.0.4 | 41.00 | NOTE | |||
r-release-windows-x86_64 | 1.0.4 | 31.00 | 66.00 | 97.00 | NOTE | |
r-oldrel-macos-arm64 | 1.0.4 | 26.00 | NOTE | |||
r-oldrel-windows-x86_64 | 1.0.4 | 34.00 | 74.00 | 108.00 | NOTE |
Version: 1.0.4
Check: LazyData
Result: NOTE
'LazyData' is specified without a 'data' directory
Flavors: r-devel-linux-x86_64-debian-clang, r-devel-linux-x86_64-debian-gcc, r-devel-linux-x86_64-fedora-clang, r-devel-linux-x86_64-fedora-gcc, r-prerel-macos-arm64, r-prerel-windows-x86_64, r-patched-linux-x86_64, r-release-linux-x86_64, r-release-macos-arm64, r-release-macos-x86_64, r-release-windows-x86_64, r-oldrel-macos-arm64, r-oldrel-windows-x86_64