Last updated on 2025-01-19 05:49:17 CET.
Flavor | Version | Tinstall | Tcheck | Ttotal | Status | Flags |
---|---|---|---|---|---|---|
r-devel-linux-x86_64-debian-clang | 1.4.3 | 13.93 | 105.84 | 119.77 | OK | |
r-devel-linux-x86_64-debian-gcc | 1.4.3 | 10.00 | 75.03 | 85.03 | OK | |
r-devel-linux-x86_64-fedora-clang | 1.4.3 | 205.94 | NOTE | |||
r-devel-linux-x86_64-fedora-gcc | 1.4.3 | 210.02 | NOTE | |||
r-devel-windows-x86_64 | 1.4.3 | 19.00 | 186.00 | 205.00 | OK | |
r-patched-linux-x86_64 | 1.4.3 | 14.61 | 98.78 | 113.39 | OK | |
r-release-linux-x86_64 | 1.4.3 | 14.16 | 98.77 | 112.93 | OK | |
r-release-macos-arm64 | 1.4.3 | 62.00 | OK | |||
r-release-macos-x86_64 | 1.4.3 | 95.00 | OK | |||
r-release-windows-x86_64 | 1.4.3 | 18.00 | 188.00 | 206.00 | OK | |
r-oldrel-macos-arm64 | 1.4.3 | 68.00 | OK | |||
r-oldrel-macos-x86_64 | 1.4.3 | 108.00 | OK | |||
r-oldrel-windows-x86_64 | 1.4.3 | 21.00 | 201.00 | 222.00 | OK |
Version: 1.4.3
Check: dependencies in R code
Result: NOTE
Namespace in Imports field not imported from: ‘dplyr’
All declared Imports should be used.
Flavors: r-devel-linux-x86_64-fedora-clang, r-devel-linux-x86_64-fedora-gcc