Last updated on 2024-03-28 14:48:37 CET.
Flavor | Version | Tinstall | Tcheck | Ttotal | Status | Flags |
---|---|---|---|---|---|---|
r-devel-linux-x86_64-debian-clang | 1.7.1 | 36.62 | 54.64 | 91.26 | OK | |
r-devel-linux-x86_64-debian-gcc | 1.7.1 | 27.88 | 40.14 | 68.02 | OK | |
r-devel-linux-x86_64-fedora-clang | 1.7.1 | 119.31 | NOTE | |||
r-devel-linux-x86_64-fedora-gcc | 1.7.1 | 117.49 | NOTE | |||
r-devel-windows-x86_64 | 1.7.1 | 33.00 | 62.00 | 95.00 | OK | |
r-patched-linux-x86_64 | 1.7.1 | 28.64 | 50.11 | 78.75 | OK | |
r-release-linux-x86_64 | 1.7.1 | 25.91 | 51.71 | 77.62 | OK | |
r-release-macos-arm64 | 1.7.1 | 52.00 | OK | |||
r-release-macos-x86_64 | 1.7.1 | 78.00 | OK | |||
r-release-windows-x86_64 | 1.7.1 | 44.00 | 69.00 | 113.00 | OK | |
r-oldrel-macos-arm64 | 1.7.1 | 54.00 | OK | |||
r-oldrel-windows-x86_64 | 1.7.1 | 44.00 | 74.00 | 118.00 | OK |
Version: 1.7.1
Check: data for non-ASCII characters
Result: NOTE
Note: found 7256 marked UTF-8 strings
Flavors: r-devel-linux-x86_64-fedora-clang, r-devel-linux-x86_64-fedora-gcc