Last updated on 2025-01-19 05:49:17 CET.
Flavor | Version | Tinstall | Tcheck | Ttotal | Status | Flags |
---|---|---|---|---|---|---|
r-devel-linux-x86_64-debian-clang | 2.1.3 | 47.68 | 361.01 | 408.69 | NOTE | |
r-devel-linux-x86_64-debian-gcc | 2.1.3 | 28.84 | 228.91 | 257.75 | OK | |
r-devel-linux-x86_64-fedora-clang | 2.1.3 | 722.68 | OK | |||
r-devel-linux-x86_64-fedora-gcc | 2.1.3 | 699.33 | OK | |||
r-devel-windows-x86_64 | 2.1.3 | 35.00 | 300.00 | 335.00 | OK | |
r-patched-linux-x86_64 | 2.1.3 | 41.64 | 330.32 | 371.96 | NOTE | |
r-release-linux-x86_64 | 2.1.3 | 42.82 | 326.90 | 369.72 | NOTE | |
r-release-macos-arm64 | 2.1.3 | 154.00 | NOTE | |||
r-release-macos-x86_64 | 2.1.3 | 305.00 | NOTE | |||
r-release-windows-x86_64 | 2.1.3 | 36.00 | 297.00 | 333.00 | OK | |
r-oldrel-macos-arm64 | 2.1.3 | 157.00 | NOTE | |||
r-oldrel-macos-x86_64 | 2.1.3 | 347.00 | NOTE | |||
r-oldrel-windows-x86_64 | 2.1.3 | 34.00 | 383.00 | 417.00 | NOTE |
Version: 2.1.3
Check: Rd cross-references
Result: NOTE
Unknown package ‘INLA’ in Rd xrefs
Flavor: r-devel-linux-x86_64-debian-clang
Version: 2.1.3
Check: package dependencies
Result: NOTE
Package suggested but not available for checking: ‘INLA’
Flavors: r-patched-linux-x86_64, r-release-linux-x86_64, r-release-macos-arm64, r-release-macos-x86_64, r-oldrel-macos-arm64, r-oldrel-macos-x86_64, r-oldrel-windows-x86_64
Version: 2.1.3
Check: Rd cross-references
Result: NOTE
Package unavailable to check Rd xrefs: ‘INLA’
Flavors: r-patched-linux-x86_64, r-release-linux-x86_64, r-release-macos-arm64, r-release-macos-x86_64, r-oldrel-macos-arm64, r-oldrel-macos-x86_64, r-oldrel-windows-x86_64