CRAN Package Check Results for Package PolicyPortfolios

Last updated on 2025-01-19 05:49:17 CET.

Flavor Version Tinstall Tcheck Ttotal Status Flags
r-devel-linux-x86_64-debian-clang 0.3 11.32 99.35 110.67 NOTE
r-devel-linux-x86_64-debian-gcc 0.3 7.21 72.64 79.85 NOTE
r-devel-linux-x86_64-fedora-clang 0.3 174.95 OK
r-devel-linux-x86_64-fedora-gcc 0.3 177.18 OK
r-devel-windows-x86_64 0.3 12.00 102.00 114.00 NOTE
r-patched-linux-x86_64 0.3 14.75 90.47 105.22 OK
r-release-linux-x86_64 0.3 9.88 90.32 100.20 OK
r-release-macos-arm64 0.3 51.00 OK
r-release-macos-x86_64 0.3 84.00 OK
r-release-windows-x86_64 0.3 12.00 102.00 114.00 OK
r-oldrel-macos-arm64 0.3 56.00 OK
r-oldrel-macos-x86_64 0.3 92.00 OK
r-oldrel-windows-x86_64 0.3 14.00 126.00 140.00 OK

Check Details

Version: 0.3
Check: Rd cross-references
Result: NOTE Found the following Rd file(s) with Rd \link{} targets missing package anchors: pp_measures.Rd: diversity Please provide package anchors for all Rd \link{} targets not in the package itself and the base packages. Flavors: r-devel-linux-x86_64-debian-clang, r-devel-linux-x86_64-debian-gcc, r-devel-windows-x86_64