Last updated on 2024-04-21 12:54:07 CEST.
Flavor | Version | Tinstall | Tcheck | Ttotal | Status | Flags |
---|---|---|---|---|---|---|
r-devel-linux-x86_64-debian-clang | 1.4.3 | 16.38 | 163.56 | 179.94 | OK | |
r-devel-linux-x86_64-debian-gcc | 1.4.3 | 11.31 | 119.20 | 130.51 | OK | |
r-devel-linux-x86_64-fedora-clang | 1.4.3 | 219.84 | OK | |||
r-devel-linux-x86_64-fedora-gcc | 1.4.3 | 236.51 | OK | |||
r-prerel-macos-arm64 | 1.4.3 | 73.00 | NOTE | |||
r-prerel-macos-x86_64 | 1.4.3 | 151.00 | NOTE | |||
r-prerel-windows-x86_64 | 1.4.3 | 15.00 | 186.00 | 201.00 | OK | |
r-patched-linux-x86_64 | 1.4.3 | 16.21 | 157.51 | 173.72 | OK | |
r-release-linux-x86_64 | 1.4.3 | 16.63 | 157.80 | 174.43 | OK | |
r-release-macos-arm64 | 1.4.3 | 82.00 | OK | |||
r-release-macos-x86_64 | 1.4.3 | 146.00 | NOTE | |||
r-release-windows-x86_64 | 1.4.3 | 18.00 | 191.00 | 209.00 | OK | |
r-oldrel-macos-arm64 | 1.4.3 | 69.00 | OK | |||
r-oldrel-windows-x86_64 | 1.4.3 | 19.00 | 194.00 | 213.00 | OK |
Version: 1.4.3
Check: installed package size
Result: NOTE
installed size is 5.6Mb
sub-directories of 1Mb or more:
data 4.1Mb
doc 1.1Mb
Flavors: r-prerel-macos-arm64, r-prerel-macos-x86_64, r-release-macos-x86_64