CRAN Package Check Results for Package PredictABEL

Last updated on 2025-01-19 05:49:17 CET.

Flavor Version Tinstall Tcheck Ttotal Status Flags
r-devel-linux-x86_64-debian-clang 1.2-4 7.98 73.22 81.20 OK
r-devel-linux-x86_64-debian-gcc 1.2-4 6.78 52.59 59.37 OK
r-devel-linux-x86_64-fedora-clang 1.2-4 131.58 NOTE
r-devel-linux-x86_64-fedora-gcc 1.2-4 130.50 NOTE
r-devel-windows-x86_64 1.2-4 9.00 88.00 97.00 OK
r-patched-linux-x86_64 1.2-4 7.93 67.06 74.99 OK
r-release-linux-x86_64 1.2-4 7.58 67.44 75.02 OK
r-release-macos-arm64 1.2-4 51.00 OK
r-release-macos-x86_64 1.2-4 60.00 OK
r-release-windows-x86_64 1.2-4 9.00 87.00 96.00 OK
r-oldrel-macos-arm64 1.2-4 44.00 OK
r-oldrel-macos-x86_64 1.2-4 68.00 OK
r-oldrel-windows-x86_64 1.2-4 12.00 99.00 111.00 OK

Check Details

Version: 1.2-4
Check: dependencies in R code
Result: NOTE Namespace in Imports field not imported from: ‘lazyeval’ All declared Imports should be used. Flavors: r-devel-linux-x86_64-fedora-clang, r-devel-linux-x86_64-fedora-gcc