CRAN Package Check Results for Package PressPurt

Last updated on 2025-01-19 05:49:17 CET.

Flavor Version Tinstall Tcheck Ttotal Status Flags
r-devel-linux-x86_64-debian-clang 1.0.2 9.79 80.87 90.66 OK
r-devel-linux-x86_64-debian-gcc 1.0.2 6.80 58.77 65.57 OK
r-devel-linux-x86_64-fedora-clang 1.0.2 142.02 OK
r-devel-linux-x86_64-fedora-gcc 1.0.2 157.07 OK
r-devel-windows-x86_64 1.0.2 12.00 96.00 108.00 OK
r-patched-linux-x86_64 1.0.2 8.31 74.04 82.35 NOTE
r-release-linux-x86_64 1.0.2 7.65 73.07 80.72 NOTE
r-release-macos-arm64 1.0.2 45.00 NOTE
r-release-macos-x86_64 1.0.2 71.00 NOTE
r-release-windows-x86_64 1.0.2 12.00 95.00 107.00 NOTE
r-oldrel-macos-arm64 1.0.2 56.00 NOTE
r-oldrel-macos-x86_64 1.0.2 82.00 NOTE
r-oldrel-windows-x86_64 1.0.2 11.00 110.00 121.00 NOTE

Check Details

Version: 1.0.2
Check: LazyData
Result: NOTE 'LazyData' is specified without a 'data' directory Flavors: r-patched-linux-x86_64, r-release-linux-x86_64, r-release-macos-arm64, r-release-macos-x86_64, r-release-windows-x86_64, r-oldrel-macos-arm64, r-oldrel-macos-x86_64, r-oldrel-windows-x86_64