Last updated on 2024-05-01 16:53:05 CEST.
Flavor | Version | Tinstall | Tcheck | Ttotal | Status | Flags |
---|---|---|---|---|---|---|
r-devel-linux-x86_64-debian-clang | 2.0 | 3.39 | 43.20 | 46.59 | NOTE | |
r-devel-linux-x86_64-debian-gcc | 2.0 | 2.58 | 32.89 | 35.47 | NOTE | |
r-devel-linux-x86_64-fedora-clang | 2.0 | 60.75 | NOTE | |||
r-devel-linux-x86_64-fedora-gcc | 2.0 | 62.50 | NOTE | |||
r-devel-windows-x86_64 | 2.0 | 4.00 | 52.00 | 56.00 | NOTE | |
r-patched-linux-x86_64 | 2.0 | 3.61 | 40.56 | 44.17 | NOTE | |
r-release-linux-x86_64 | 2.0 | 2.91 | 40.32 | 43.23 | NOTE | |
r-release-macos-arm64 | 2.0 | 27.00 | NOTE | |||
r-release-windows-x86_64 | 2.0 | 4.00 | 53.00 | 57.00 | NOTE | |
r-oldrel-macos-arm64 | 2.0 | 25.00 | OK | |||
r-oldrel-macos-x86_64 | 2.0 | 44.00 | OK | |||
r-oldrel-windows-x86_64 | 2.0 | 3.00 | 53.00 | 56.00 | OK |
Version: 2.0
Check: Rd files
Result: NOTE
checkRd: (-1) findbeta.Rd:20: Lost braces; missing escapes or markup?
20 | \item{lower.v}{logical, if TRUE the specified percentile.value is the upper limit for the mean (or the median or the mode) at the specified confidence level (percentile). If {FALSE} the specified percentile.value is the lower limit for the mean (or the median or the mode) at the specified confidence level (percentile). The default is FALSE.}
| ^
Flavors: r-devel-linux-x86_64-debian-clang, r-devel-linux-x86_64-debian-gcc, r-devel-linux-x86_64-fedora-clang, r-devel-linux-x86_64-fedora-gcc, r-devel-windows-x86_64, r-patched-linux-x86_64, r-release-linux-x86_64, r-release-macos-arm64, r-release-windows-x86_64