CRAN Package Check Results for Package ProFit

Last updated on 2019-10-22 12:48:14 CEST.

Flavor Version Tinstall Tcheck Ttotal Status Flags
r-devel-linux-x86_64-debian-clang 1.3.2 64.36 100.52 164.88 OK
r-devel-linux-x86_64-debian-gcc 1.3.2 45.87 74.60 120.47 OK
r-devel-linux-x86_64-fedora-clang 1.3.2 224.15 WARN
r-devel-linux-x86_64-fedora-gcc 1.3.2 207.40 NOTE
r-devel-windows-ix86+x86_64 1.3.2 105.00 170.00 275.00 NOTE
r-patched-linux-x86_64 1.3.2 53.24 96.71 149.95 OK
r-patched-solaris-x86 1.3.2 280.10 NOTE
r-release-linux-x86_64 1.3.2 53.41 97.88 151.29 OK
r-release-windows-ix86+x86_64 1.3.2 130.00 167.00 297.00 NOTE
r-release-osx-x86_64 1.3.2 NOTE
r-oldrel-windows-ix86+x86_64 1.3.2 132.00 212.00 344.00 NOTE
r-oldrel-osx-x86_64 1.3.2 NOTE

Check Details

Version: 1.3.2
Check: whether package can be installed
Result: WARN
    Found the following significant warnings:
     libprofit/src/utils.cpp:529:25: warning: 'ptr_fun<int, int>' is deprecated [-Wdeprecated-declarations]
     libprofit/src/utils.cpp:536:25: warning: 'ptr_fun<int, int>' is deprecated [-Wdeprecated-declarations]
Flavor: r-devel-linux-x86_64-fedora-clang

Version: 1.3.2
Check: installed package size
Result: NOTE
     installed size is 14.3Mb
     sub-directories of 1Mb or more:
     extdata 7.4Mb
     libs 5.8Mb
Flavors: r-devel-linux-x86_64-fedora-clang, r-devel-windows-ix86+x86_64, r-patched-solaris-x86, r-release-windows-ix86+x86_64, r-release-osx-x86_64, r-oldrel-windows-ix86+x86_64, r-oldrel-osx-x86_64

Version: 1.3.2
Check: top-level files
Result: NOTE
     possible bashism in configure line 164 (unsafe echo with backslash):
     echo "#include <fftw3.h>\nint main(){return 0;}" > $tmpdir/fftw_headers.c
     possible bashism in configure line 344 (test -a/-o):
     if [ "$OS" = "Darwin" -a "`uname -r`" \> "12" ]; then
Flavors: r-devel-linux-x86_64-fedora-clang, r-devel-linux-x86_64-fedora-gcc