Last updated on 2025-01-19 05:49:17 CET.
Flavor | Version | Tinstall | Tcheck | Ttotal | Status | Flags |
---|---|---|---|---|---|---|
r-devel-linux-x86_64-debian-clang | 1.0.4.4 | 1990.46 | 194.18 | 2184.64 | OK | |
r-devel-linux-x86_64-debian-gcc | 1.0.4.4 | 1788.85 | 285.39 | 2074.24 | OK | |
r-devel-linux-x86_64-fedora-clang | 1.0.4.4 | 3394.90 | OK | |||
r-devel-linux-x86_64-fedora-gcc | 1.0.4.4 | 3909.88 | OK | |||
r-devel-windows-x86_64 | 1.0.4.4 | 1779.00 | 353.00 | 2132.00 | OK | |
r-patched-linux-x86_64 | 1.0.4.4 | 2047.13 | 374.40 | 2421.53 | NOTE | |
r-release-linux-x86_64 | 1.0.4.4 | 2406.46 | 375.59 | 2782.05 | NOTE | |
r-release-macos-arm64 | 1.0.4.4 | 611.00 | NOTE | |||
r-release-macos-x86_64 | 1.0.4.4 | 549.00 | NOTE | |||
r-release-windows-x86_64 | 1.0.4.4 | 1788.00 | 332.00 | 2120.00 | NOTE | |
r-oldrel-macos-arm64 | 1.0.4.4 | 728.00 | NOTE | |||
r-oldrel-macos-x86_64 | 1.0.4.4 | 491.00 | NOTE | |||
r-oldrel-windows-x86_64 | 1.0.4.4 | 2288.00 | 435.00 | 2723.00 | NOTE |
Version: 1.0.4.4
Check: for GNU extensions in Makefiles
Result: NOTE
GNU make is a SystemRequirements.
Flavors: r-patched-linux-x86_64, r-release-linux-x86_64, r-release-macos-arm64, r-release-macos-x86_64, r-release-windows-x86_64, r-oldrel-macos-arm64, r-oldrel-macos-x86_64, r-oldrel-windows-x86_64
Version: 1.0.4.4
Check: installed package size
Result: NOTE
installed size is 227.4Mb
sub-directories of 1Mb or more:
libs 226.2Mb
Flavors: r-release-macos-arm64, r-release-macos-x86_64, r-release-windows-x86_64, r-oldrel-macos-arm64, r-oldrel-macos-x86_64, r-oldrel-windows-x86_64