Last updated on 2025-01-19 05:49:17 CET.
Flavor | Version | Tinstall | Tcheck | Ttotal | Status | Flags |
---|---|---|---|---|---|---|
r-devel-linux-x86_64-debian-clang | 1.1 | 77.78 | 58.35 | 136.13 | OK | |
r-devel-linux-x86_64-debian-gcc | 1.1 | 57.39 | 45.68 | 103.07 | OK | |
r-devel-linux-x86_64-fedora-clang | 1.1 | 203.04 | OK | |||
r-devel-linux-x86_64-fedora-gcc | 1.1 | 261.08 | OK | |||
r-devel-windows-x86_64 | 1.1 | 62.00 | 91.00 | 153.00 | OK | |
r-patched-linux-x86_64 | 1.1 | 77.59 | 57.51 | 135.10 | OK | |
r-release-linux-x86_64 | 1.1 | 84.63 | 57.60 | 142.23 | OK | |
r-release-macos-arm64 | 1.1 | 54.00 | NOTE | |||
r-release-macos-x86_64 | 1.1 | 86.00 | NOTE | |||
r-release-windows-x86_64 | 1.1 | 62.00 | 91.00 | 153.00 | OK | |
r-oldrel-macos-arm64 | 1.1 | 74.00 | NOTE | |||
r-oldrel-macos-x86_64 | 1.1 | 122.00 | NOTE | |||
r-oldrel-windows-x86_64 | 1.1 | 72.00 | 109.00 | 181.00 | OK |
Version: 1.1
Check: installed package size
Result: NOTE
installed size is 20.8Mb
sub-directories of 1Mb or more:
libs 20.6Mb
Flavors: r-release-macos-arm64, r-release-macos-x86_64, r-oldrel-macos-arm64, r-oldrel-macos-x86_64