CRAN Package Check Results for Package ProcData

Last updated on 2025-01-19 05:49:17 CET.

Flavor Version Tinstall Tcheck Ttotal Status Flags
r-devel-linux-x86_64-debian-clang 0.3.2 25.89 75.23 101.12 NOTE
r-devel-linux-x86_64-debian-gcc 0.3.2 20.79 54.89 75.68 NOTE
r-devel-linux-x86_64-fedora-clang 0.3.2 171.63 NOTE
r-devel-linux-x86_64-fedora-gcc 0.3.2 186.46 NOTE
r-devel-windows-x86_64 0.3.2 32.00 107.00 139.00 NOTE
r-patched-linux-x86_64 0.3.2 30.36 70.68 101.04 NOTE
r-release-linux-x86_64 0.3.2 29.21 70.02 99.23 NOTE
r-release-macos-arm64 0.3.2 48.00 NOTE
r-release-macos-x86_64 0.3.2 67.00 NOTE
r-release-windows-x86_64 0.3.2 32.00 100.00 132.00 NOTE
r-oldrel-macos-arm64 0.3.2 53.00 OK
r-oldrel-macos-x86_64 0.3.2 89.00 OK
r-oldrel-windows-x86_64 0.3.2 39.00 127.00 166.00 OK

Check Details

Version: 0.3.2
Check: Rd files
Result: NOTE checkRd: (-1) proc.Rd:27: Lost braces in \itemize; meant \describe ? checkRd: (-1) proc.Rd:28: Lost braces in \itemize; meant \describe ? Flavors: r-devel-linux-x86_64-debian-clang, r-devel-linux-x86_64-debian-gcc, r-devel-linux-x86_64-fedora-clang, r-devel-linux-x86_64-fedora-gcc, r-devel-windows-x86_64, r-patched-linux-x86_64, r-release-linux-x86_64, r-release-macos-arm64, r-release-macos-x86_64, r-release-windows-x86_64