Last updated on 2024-04-17 13:57:39 CEST.
Flavor | Version | Tinstall | Tcheck | Ttotal | Status | Flags |
---|---|---|---|---|---|---|
r-devel-linux-x86_64-debian-clang | 0.16.12 | 13.54 | 97.02 | 110.56 | OK | |
r-devel-linux-x86_64-debian-gcc | 0.16.12 | 9.73 | 72.01 | 81.74 | OK | |
r-devel-linux-x86_64-fedora-clang | 0.16.12 | 140.43 | NOTE | |||
r-devel-linux-x86_64-fedora-gcc | 0.16.12 | 130.13 | NOTE | |||
r-prerel-macos-arm64 | 0.16.12 | 42.00 | OK | |||
r-prerel-windows-x86_64 | 0.16.12 | 12.00 | 81.00 | 93.00 | OK | |
r-patched-linux-x86_64 | 0.16.12 | 12.82 | 91.02 | 103.84 | OK | |
r-release-linux-x86_64 | 0.16.12 | 12.23 | 93.28 | 105.51 | OK | |
r-release-macos-arm64 | 0.16.12 | 43.00 | OK | |||
r-release-macos-x86_64 | 0.16.12 | 71.00 | OK | |||
r-release-windows-x86_64 | 0.16.12 | 17.00 | 100.00 | 117.00 | OK | |
r-oldrel-macos-arm64 | 0.16.12 | 46.00 | NOTE | |||
r-oldrel-windows-x86_64 | 0.16.12 | 18.00 | 102.00 | 120.00 | OK |
Version: 0.16.12
Check: data for non-ASCII characters
Result: NOTE
Note: found 1 marked UTF-8 string
Flavors: r-devel-linux-x86_64-fedora-clang, r-devel-linux-x86_64-fedora-gcc, r-oldrel-macos-arm64