Last updated on 2024-04-21 12:54:08 CEST.
Flavor | Version | Tinstall | Tcheck | Ttotal | Status | Flags |
---|---|---|---|---|---|---|
r-devel-linux-x86_64-debian-clang | 0.3.6 | 6.78 | 50.72 | 57.50 | NOTE | |
r-devel-linux-x86_64-debian-gcc | 0.3.6 | 4.96 | 38.40 | 43.36 | NOTE | |
r-devel-linux-x86_64-fedora-clang | 0.3.6 | 71.16 | NOTE | |||
r-devel-linux-x86_64-fedora-gcc | 0.3.6 | 67.37 | NOTE | |||
r-prerel-macos-arm64 | 0.3.6 | 23.00 | NOTE | |||
r-prerel-windows-x86_64 | 0.3.6 | 7.00 | 56.00 | 63.00 | NOTE | |
r-patched-linux-x86_64 | 0.3.6 | 4.53 | 49.74 | 54.27 | NOTE | |
r-release-linux-x86_64 | 0.3.6 | 6.20 | 49.58 | 55.78 | OK | |
r-release-macos-arm64 | 0.3.6 | 25.00 | OK | |||
r-release-macos-x86_64 | 0.3.6 | 37.00 | OK | |||
r-release-windows-x86_64 | 0.3.6 | 8.00 | 65.00 | 73.00 | OK | |
r-oldrel-macos-arm64 | 0.3.6 | 21.00 | OK | |||
r-oldrel-windows-x86_64 | 0.3.6 | 8.00 | 69.00 | 77.00 | OK |
Version: 0.3.6
Check: Rd files
Result: NOTE
checkRd: (-1) plotWordCloud.Rd:5: Lost braces; missing escapes or markup?
5 | \title{PubMed wordcloud using function 'wordcloud' of package {wordcloud}}
| ^
checkRd: (-1) plotWordCloud.Rd:32: Lost braces; missing escapes or markup?
32 | This function just call 'wordcloud' from package {wordcloud}. See package {wordcloud} for more details about the parameters.
| ^
checkRd: (-1) plotWordCloud.Rd:32: Lost braces; missing escapes or markup?
32 | This function just call 'wordcloud' from package {wordcloud}. See package {wordcloud} for more details about the parameters.
| ^
Flavors: r-devel-linux-x86_64-debian-clang, r-devel-linux-x86_64-debian-gcc, r-devel-linux-x86_64-fedora-clang, r-devel-linux-x86_64-fedora-gcc, r-prerel-macos-arm64, r-prerel-windows-x86_64, r-patched-linux-x86_64