Last updated on 2025-01-19 05:49:17 CET.
Flavor | Version | Tinstall | Tcheck | Ttotal | Status | Flags |
---|---|---|---|---|---|---|
r-devel-linux-x86_64-debian-clang | 0.0.5 | 7.04 | 112.50 | 119.54 | OK | |
r-devel-linux-x86_64-debian-gcc | 0.0.5 | 4.83 | 77.54 | 82.37 | OK | |
r-devel-linux-x86_64-fedora-clang | 0.0.5 | 196.39 | NOTE | |||
r-devel-linux-x86_64-fedora-gcc | 0.0.5 | 213.37 | NOTE | |||
r-devel-windows-x86_64 | 0.0.5 | 8.00 | 134.00 | 142.00 | OK | |
r-patched-linux-x86_64 | 0.0.5 | 6.29 | 105.65 | 111.94 | OK | |
r-release-linux-x86_64 | 0.0.5 | 6.59 | 105.08 | 111.67 | OK | |
r-release-macos-arm64 | 0.0.5 | 58.00 | OK | |||
r-release-macos-x86_64 | 0.0.5 | 90.00 | OK | |||
r-release-windows-x86_64 | 0.0.5 | 9.00 | 133.00 | 142.00 | OK | |
r-oldrel-macos-arm64 | 0.0.5 | 63.00 | OK | |||
r-oldrel-macos-x86_64 | 0.0.5 | 176.00 | OK | |||
r-oldrel-windows-x86_64 | 0.0.5 | 9.00 | 155.00 | 164.00 | OK |
Version: 0.0.5
Check: dependencies in R code
Result: NOTE
Namespaces in Imports field not imported from:
‘itsadug’ ‘mgcv’
All declared Imports should be used.
Flavors: r-devel-linux-x86_64-fedora-clang, r-devel-linux-x86_64-fedora-gcc