CRAN Package Check Results for Package QAIG

Last updated on 2025-01-19 05:49:17 CET.

Flavor Version Tinstall Tcheck Ttotal Status Flags
r-devel-linux-x86_64-debian-clang 0.1.7 3.10 28.61 31.71 OK
r-devel-linux-x86_64-debian-gcc 0.1.7 1.91 22.56 24.47 OK
r-devel-linux-x86_64-fedora-clang 0.1.7 52.34 OK
r-devel-linux-x86_64-fedora-gcc 0.1.7 67.30 OK
r-devel-windows-x86_64 0.1.7 5.00 50.00 55.00 OK
r-patched-linux-x86_64 0.1.7 2.68 27.32 30.00 NOTE
r-release-linux-x86_64 0.1.7 2.43 27.35 29.78 NOTE
r-release-macos-arm64 0.1.7 22.00 NOTE
r-release-macos-x86_64 0.1.7 36.00 NOTE
r-release-windows-x86_64 0.1.7 5.00 50.00 55.00 NOTE
r-oldrel-macos-arm64 0.1.7 24.00 NOTE
r-oldrel-macos-x86_64 0.1.7 37.00 NOTE
r-oldrel-windows-x86_64 0.1.7 4.00 52.00 56.00 NOTE

Check Details

Version: 0.1.7
Check: LazyData
Result: NOTE 'LazyData' is specified without a 'data' directory Flavors: r-patched-linux-x86_64, r-release-linux-x86_64, r-release-macos-arm64, r-release-macos-x86_64, r-release-windows-x86_64, r-oldrel-macos-arm64, r-oldrel-macos-x86_64, r-oldrel-windows-x86_64