Last updated on 2025-01-19 05:49:17 CET.
Flavor | Version | Tinstall | Tcheck | Ttotal | Status | Flags |
---|---|---|---|---|---|---|
r-devel-linux-x86_64-debian-clang | 3.23 | 22.87 | 104.73 | 127.60 | OK | |
r-devel-linux-x86_64-debian-gcc | 3.23 | 15.57 | 65.02 | 80.59 | OK | |
r-devel-linux-x86_64-fedora-clang | 3.23 | 212.97 | OK | |||
r-devel-linux-x86_64-fedora-gcc | 3.23 | 217.82 | OK | |||
r-devel-windows-x86_64 | 3.23 | 32.00 | 126.00 | 158.00 | OK | |
r-patched-linux-x86_64 | 3.23 | 23.45 | 99.71 | 123.16 | OK | |
r-release-linux-x86_64 | 3.23 | 22.17 | 100.48 | 122.65 | OK | |
r-release-macos-arm64 | 3.23 | 55.00 | NOTE | |||
r-release-macos-x86_64 | 3.23 | 104.00 | NOTE | |||
r-release-windows-x86_64 | 3.23 | 32.00 | 122.00 | 154.00 | NOTE | |
r-oldrel-macos-arm64 | 3.23 | 56.00 | NOTE | |||
r-oldrel-macos-x86_64 | 3.23 | 117.00 | NOTE | |||
r-oldrel-windows-x86_64 | 3.23 | 36.00 | 148.00 | 184.00 | NOTE |
Version: 3.23
Check: installed package size
Result: NOTE
installed size is 5.9Mb
sub-directories of 1Mb or more:
gui 1.6Mb
staticdocs 3.3Mb
Flavors: r-release-macos-arm64, r-release-macos-x86_64, r-release-windows-x86_64, r-oldrel-macos-arm64, r-oldrel-macos-x86_64, r-oldrel-windows-x86_64