CRAN Package Check Results for Package QCSimulator

Last updated on 2025-01-19 05:49:17 CET.

Flavor Version Tinstall Tcheck Ttotal Status Flags
r-devel-linux-x86_64-debian-clang 0.0.1 5.28 46.48 51.76 OK
r-devel-linux-x86_64-debian-gcc 0.0.1 3.81 33.16 36.97 OK
r-devel-linux-x86_64-fedora-clang 0.0.1 83.64 OK
r-devel-linux-x86_64-fedora-gcc 0.0.1 88.19 OK
r-devel-windows-x86_64 0.0.1 8.00 78.00 86.00 OK
r-patched-linux-x86_64 0.0.1 6.69 43.24 49.93 NOTE
r-release-linux-x86_64 0.0.1 5.22 43.56 48.78 NOTE
r-release-macos-arm64 0.0.1 27.00 NOTE
r-release-macos-x86_64 0.0.1 40.00 NOTE
r-release-windows-x86_64 0.0.1 9.00 75.00 84.00 NOTE
r-oldrel-macos-arm64 0.0.1 30.00 NOTE
r-oldrel-macos-x86_64 0.0.1 42.00 NOTE
r-oldrel-windows-x86_64 0.0.1 9.00 84.00 93.00 NOTE

Check Details

Version: 0.0.1
Check: LazyData
Result: NOTE 'LazyData' is specified without a 'data' directory Flavors: r-patched-linux-x86_64, r-release-linux-x86_64, r-release-macos-arm64, r-release-macos-x86_64, r-release-windows-x86_64, r-oldrel-macos-arm64, r-oldrel-macos-x86_64, r-oldrel-windows-x86_64