CRAN Package Check Results for Package QDiabetes

Last updated on 2025-01-19 05:49:17 CET.

Flavor Version Tinstall Tcheck Ttotal Status Flags
r-devel-linux-x86_64-debian-clang 1.0-2 51.54 110.30 161.84 OK
r-devel-linux-x86_64-debian-gcc 1.0-2 53.44 77.41 130.85 OK
r-devel-linux-x86_64-fedora-clang 1.0-2 245.44 OK
r-devel-linux-x86_64-fedora-gcc 1.0-2 274.91 OK
r-devel-windows-x86_64 1.0-2 50.00 118.00 168.00 OK
r-patched-linux-x86_64 1.0-2 53.37 106.16 159.53 OK
r-release-linux-x86_64 1.0-2 50.01 105.22 155.23 OK
r-release-macos-arm64 1.0-2 86.00 NOTE
r-release-macos-x86_64 1.0-2 160.00 NOTE
r-release-windows-x86_64 1.0-2 46.00 118.00 164.00 OK
r-oldrel-macos-arm64 1.0-2 100.00 NOTE
r-oldrel-macos-x86_64 1.0-2 144.00 NOTE
r-oldrel-windows-x86_64 1.0-2 46.00 144.00 190.00 OK

Check Details

Version: 1.0-2
Check: installed package size
Result: NOTE installed size is 5.4Mb sub-directories of 1Mb or more: R 5.2Mb Flavors: r-release-macos-arm64, r-release-macos-x86_64, r-oldrel-macos-arm64, r-oldrel-macos-x86_64