Last updated on 2025-01-19 05:49:17 CET.
Flavor | Version | Tinstall | Tcheck | Ttotal | Status | Flags |
---|---|---|---|---|---|---|
r-devel-linux-x86_64-debian-clang | 3.0.1 | 15.12 | 182.57 | 197.69 | NOTE | |
r-devel-linux-x86_64-debian-gcc | 3.0.1 | 11.33 | 127.73 | 139.06 | NOTE | |
r-devel-linux-x86_64-fedora-clang | 3.0.1 | 326.06 | OK | |||
r-devel-linux-x86_64-fedora-gcc | 3.0.1 | 338.98 | OK | |||
r-devel-windows-x86_64 | 3.0.1 | 16.00 | 220.00 | 236.00 | NOTE | |
r-patched-linux-x86_64 | 3.0.1 | 21.72 | 178.07 | 199.79 | OK | |
r-release-linux-x86_64 | 3.0.1 | 15.19 | 178.56 | 193.75 | OK | |
r-release-macos-arm64 | 3.0.1 | 114.00 | OK | |||
r-release-macos-x86_64 | 3.0.1 | 165.00 | OK | |||
r-release-windows-x86_64 | 3.0.1 | 15.00 | 221.00 | 236.00 | OK | |
r-oldrel-macos-arm64 | 3.0.1 | 114.00 | OK | |||
r-oldrel-macos-x86_64 | 3.0.1 | 305.00 | OK | |||
r-oldrel-windows-x86_64 | 3.0.1 | 20.00 | 259.00 | 279.00 | OK |
Version: 3.0.1
Check: Rd cross-references
Result: NOTE
Found the following Rd file(s) with Rd \link{} targets missing package
anchors:
anova.cmprsk.Rd: rms
crr.fit.Rd: rms
nomogram.mk6.Rd: rms, plot.summary.rms
summary.cmprsk.Rd: rms
Please provide package anchors for all Rd \link{} targets not in the
package itself and the base packages.
Flavors: r-devel-linux-x86_64-debian-clang, r-devel-linux-x86_64-debian-gcc, r-devel-windows-x86_64