Last updated on 2025-01-19 05:49:17 CET.
Flavor | Version | Tinstall | Tcheck | Ttotal | Status | Flags |
---|---|---|---|---|---|---|
r-devel-linux-x86_64-debian-clang | 3.4 | 34.94 | 122.48 | 157.42 | OK | |
r-devel-linux-x86_64-debian-gcc | 3.4 | 19.41 | 81.22 | 100.63 | OK | |
r-devel-linux-x86_64-fedora-clang | 3.4 | 250.15 | OK | |||
r-devel-linux-x86_64-fedora-gcc | 3.4 | 249.78 | OK | |||
r-devel-windows-x86_64 | 3.4 | 31.00 | 139.00 | 170.00 | OK | |
r-patched-linux-x86_64 | 3.4 | 30.44 | 112.14 | 142.58 | OK | |
r-release-linux-x86_64 | 3.4 | 29.14 | 113.00 | 142.14 | OK | |
r-release-macos-arm64 | 3.4 | 63.00 | OK | |||
r-release-macos-x86_64 | 3.4 | 112.00 | OK | |||
r-release-windows-x86_64 | 3.4 | 32.00 | 136.00 | 168.00 | OK | |
r-oldrel-macos-arm64 | 3.4 | 72.00 | OK | |||
r-oldrel-macos-x86_64 | 3.4 | 125.00 | OK | |||
r-oldrel-windows-x86_64 | 3.4 | 38.00 | 170.00 | 208.00 | NOTE |
Version: 3.4
Check: installed package size
Result: NOTE
installed size is 5.1Mb
sub-directories of 1Mb or more:
extdata 3.0Mb
libs 1.0Mb
Flavor: r-oldrel-windows-x86_64